{"id":43,"date":"2020-01-03T18:39:58","date_gmt":"2020-01-03T18:39:58","guid":{"rendered":"https:\/\/ampasantramon.cat\/?page_id=43"},"modified":"2020-09-25T16:47:47","modified_gmt":"2020-09-25T16:47:47","slug":"perque-ser-de-lampa","status":"publish","type":"page","link":"https:\/\/ampasantramon.cat\/index.php\/perque-ser-de-lampa\/","title":{"rendered":"Perqu\u00e8 ser de l&#8217;AMPA?"},"content":{"rendered":"\n<p>Per ser part\u00edceps de l&#8217;educaci\u00f3 i aprenentatge dels nostres fills i filles.<\/p>\n\n\n\n<p>Per col\u00b7laborar en tot all\u00f2 que cadasc\u00fa pugui i vulgui aportar, implicant-nos en aquelles activitats que m\u00e9s ens agradin.<\/p>\n\n\n\n<p>Per poder mantenir totes les activitats i subvencions que sense l&#8217;aportaci\u00f3 econ\u00f2mica de l&#8217;AMPA no serien possibles.<\/p>\n\n\n\n<p>Per poder gaudir de bonificacions i descomptes en totes les activitats en les que l&#8217;AMPA organitzi o participi.<\/p>\n\n\n\n<p>I tamb\u00e9&#8230; Per poder rebre els obsequis que fem cada any als nostres socis!<\/p>\n","protected":false},"excerpt":{"rendered":"<p>Per ser part\u00edceps de l&#8217;educaci\u00f3 i aprenentatge dels nostres fills i filles. Per col\u00b7laborar en tot all\u00f2 que cadasc\u00fa pugui i vulgui aportar, implicant-nos en aquelles activitats que m\u00e9s ens agradin. Per poder mantenir totes les activitats i subvencions que sense l&#8217;aportaci\u00f3 econ\u00f2mica de l&#8217;AMPA no serien possibles. Per poder gaudir de bonificacions i descomptes [&hellip;]<\/p>\n","protected":false},"author":2,"featured_media":0,"parent":0,"menu_order":0,"comment_status":"closed","ping_status":"closed","template":"","meta":{"footnotes":""},"class_list":["post-43","page","type-page","status-publish","hentry"],"yoast_head":"<!-- This site is optimized with the Yoast SEO plugin v24.1 - https:\/\/yoast.com\/wordpress\/plugins\/seo\/ -->\n<title>Perqu\u00e8 ser de l&#039;AMPA? - AMPA Sant Ramon de Penyafort<\/title>\n<meta name=\"robots\" content=\"index, follow, max-snippet:-1, max-image-preview:large, max-video-preview:-1\" \/>\n<link rel=\"canonical\" href=\"https:\/\/ampasantramon.cat\/index.php\/perque-ser-de-lampa\/\" \/>\n<meta property=\"og:locale\" content=\"ca_ES\" \/>\n<meta property=\"og:type\" content=\"article\" \/>\n<meta property=\"og:title\" content=\"Perqu\u00e8 ser de l&#039;AMPA? - AMPA Sant Ramon de Penyafort\" \/>\n<meta property=\"og:description\" content=\"Per ser part\u00edceps de l&#8217;educaci\u00f3 i aprenentatge dels nostres fills i filles. Per col\u00b7laborar en tot all\u00f2 que cadasc\u00fa pugui i vulgui aportar, implicant-nos en aquelles activitats que m\u00e9s ens agradin. Per poder mantenir totes les activitats i subvencions que sense l&#8217;aportaci\u00f3 econ\u00f2mica de l&#8217;AMPA no serien possibles. Per poder gaudir de bonificacions i descomptes [&hellip;]\" \/>\n<meta property=\"og:url\" content=\"https:\/\/ampasantramon.cat\/index.php\/perque-ser-de-lampa\/\" \/>\n<meta property=\"og:site_name\" content=\"AMPA Sant Ramon de Penyafort\" \/>\n<meta property=\"article:modified_time\" content=\"2020-09-25T16:47:47+00:00\" \/>\n<meta name=\"twitter:card\" content=\"summary_large_image\" \/>\n<script type=\"application\/ld+json\" class=\"yoast-schema-graph\">{\"@context\":\"https:\/\/schema.org\",\"@graph\":[{\"@type\":\"WebPage\",\"@id\":\"https:\/\/ampasantramon.cat\/index.php\/perque-ser-de-lampa\/\",\"url\":\"https:\/\/ampasantramon.cat\/index.php\/perque-ser-de-lampa\/\",\"name\":\"Perqu\u00e8 ser de l'AMPA? - AMPA Sant Ramon de Penyafort\",\"isPartOf\":{\"@id\":\"https:\/\/ampasantramon.cat\/#website\"},\"datePublished\":\"2020-01-03T18:39:58+00:00\",\"dateModified\":\"2020-09-25T16:47:47+00:00\",\"breadcrumb\":{\"@id\":\"https:\/\/ampasantramon.cat\/index.php\/perque-ser-de-lampa\/#breadcrumb\"},\"inLanguage\":\"ca\",\"potentialAction\":[{\"@type\":\"ReadAction\",\"target\":[\"https:\/\/ampasantramon.cat\/index.php\/perque-ser-de-lampa\/\"]}]},{\"@type\":\"BreadcrumbList\",\"@id\":\"https:\/\/ampasantramon.cat\/index.php\/perque-ser-de-lampa\/#breadcrumb\",\"itemListElement\":[{\"@type\":\"ListItem\",\"position\":1,\"name\":\"Inici\",\"item\":\"https:\/\/ampasantramon.cat\/\"},{\"@type\":\"ListItem\",\"position\":2,\"name\":\"Perqu\u00e8 ser de l&#8217;AMPA?\"}]},{\"@type\":\"WebSite\",\"@id\":\"https:\/\/ampasantramon.cat\/#website\",\"url\":\"https:\/\/ampasantramon.cat\/\",\"name\":\"AMPA Sant Ramon de Penyafort\",\"description\":\"P\u00e0gina web de l&#039;escola Sant Ramon de Penyafort - Manyanet Vilafranca\",\"publisher\":{\"@id\":\"https:\/\/ampasantramon.cat\/#organization\"},\"potentialAction\":[{\"@type\":\"SearchAction\",\"target\":{\"@type\":\"EntryPoint\",\"urlTemplate\":\"https:\/\/ampasantramon.cat\/?s={search_term_string}\"},\"query-input\":{\"@type\":\"PropertyValueSpecification\",\"valueRequired\":true,\"valueName\":\"search_term_string\"}}],\"inLanguage\":\"ca\"},{\"@type\":\"Organization\",\"@id\":\"https:\/\/ampasantramon.cat\/#organization\",\"name\":\"AMPA Sant Ramon de Penyafort\",\"url\":\"https:\/\/ampasantramon.cat\/\",\"logo\":{\"@type\":\"ImageObject\",\"inLanguage\":\"ca\",\"@id\":\"https:\/\/ampasantramon.cat\/#\/schema\/logo\/image\/\",\"url\":\"https:\/\/ampasantramon.cat\/wp-content\/uploads\/2020\/01\/cropped-ampa_logo_400x400-2.jpg\",\"contentUrl\":\"https:\/\/ampasantramon.cat\/wp-content\/uploads\/2020\/01\/cropped-ampa_logo_400x400-2.jpg\",\"width\":150,\"height\":150,\"caption\":\"AMPA Sant Ramon de Penyafort\"},\"image\":{\"@id\":\"https:\/\/ampasantramon.cat\/#\/schema\/logo\/image\/\"},\"sameAs\":[\"https:\/\/www.instagram.com\/ampamanyanetvilafranca\/\"]}]}<\/script>\n<!-- \/ Yoast SEO plugin. -->","yoast_head_json":{"title":"Perqu\u00e8 ser de l'AMPA? - AMPA Sant Ramon de Penyafort","robots":{"index":"index","follow":"follow","max-snippet":"max-snippet:-1","max-image-preview":"max-image-preview:large","max-video-preview":"max-video-preview:-1"},"canonical":"https:\/\/ampasantramon.cat\/index.php\/perque-ser-de-lampa\/","og_locale":"ca_ES","og_type":"article","og_title":"Perqu\u00e8 ser de l'AMPA? - AMPA Sant Ramon de Penyafort","og_description":"Per ser part\u00edceps de l&#8217;educaci\u00f3 i aprenentatge dels nostres fills i filles. Per col\u00b7laborar en tot all\u00f2 que cadasc\u00fa pugui i vulgui aportar, implicant-nos en aquelles activitats que m\u00e9s ens agradin. Per poder mantenir totes les activitats i subvencions que sense l&#8217;aportaci\u00f3 econ\u00f2mica de l&#8217;AMPA no serien possibles. Per poder gaudir de bonificacions i descomptes [&hellip;]","og_url":"https:\/\/ampasantramon.cat\/index.php\/perque-ser-de-lampa\/","og_site_name":"AMPA Sant Ramon de Penyafort","article_modified_time":"2020-09-25T16:47:47+00:00","twitter_card":"summary_large_image","schema":{"@context":"https:\/\/schema.org","@graph":[{"@type":"WebPage","@id":"https:\/\/ampasantramon.cat\/index.php\/perque-ser-de-lampa\/","url":"https:\/\/ampasantramon.cat\/index.php\/perque-ser-de-lampa\/","name":"Perqu\u00e8 ser de l'AMPA? - AMPA Sant Ramon de Penyafort","isPartOf":{"@id":"https:\/\/ampasantramon.cat\/#website"},"datePublished":"2020-01-03T18:39:58+00:00","dateModified":"2020-09-25T16:47:47+00:00","breadcrumb":{"@id":"https:\/\/ampasantramon.cat\/index.php\/perque-ser-de-lampa\/#breadcrumb"},"inLanguage":"ca","potentialAction":[{"@type":"ReadAction","target":["https:\/\/ampasantramon.cat\/index.php\/perque-ser-de-lampa\/"]}]},{"@type":"BreadcrumbList","@id":"https:\/\/ampasantramon.cat\/index.php\/perque-ser-de-lampa\/#breadcrumb","itemListElement":[{"@type":"ListItem","position":1,"name":"Inici","item":"https:\/\/ampasantramon.cat\/"},{"@type":"ListItem","position":2,"name":"Perqu\u00e8 ser de l&#8217;AMPA?"}]},{"@type":"WebSite","@id":"https:\/\/ampasantramon.cat\/#website","url":"https:\/\/ampasantramon.cat\/","name":"AMPA Sant Ramon de Penyafort","description":"P\u00e0gina web de l&#039;escola Sant Ramon de Penyafort - Manyanet Vilafranca","publisher":{"@id":"https:\/\/ampasantramon.cat\/#organization"},"potentialAction":[{"@type":"SearchAction","target":{"@type":"EntryPoint","urlTemplate":"https:\/\/ampasantramon.cat\/?s={search_term_string}"},"query-input":{"@type":"PropertyValueSpecification","valueRequired":true,"valueName":"search_term_string"}}],"inLanguage":"ca"},{"@type":"Organization","@id":"https:\/\/ampasantramon.cat\/#organization","name":"AMPA Sant Ramon de Penyafort","url":"https:\/\/ampasantramon.cat\/","logo":{"@type":"ImageObject","inLanguage":"ca","@id":"https:\/\/ampasantramon.cat\/#\/schema\/logo\/image\/","url":"https:\/\/ampasantramon.cat\/wp-content\/uploads\/2020\/01\/cropped-ampa_logo_400x400-2.jpg","contentUrl":"https:\/\/ampasantramon.cat\/wp-content\/uploads\/2020\/01\/cropped-ampa_logo_400x400-2.jpg","width":150,"height":150,"caption":"AMPA Sant Ramon de Penyafort"},"image":{"@id":"https:\/\/ampasantramon.cat\/#\/schema\/logo\/image\/"},"sameAs":["https:\/\/www.instagram.com\/ampamanyanetvilafranca\/"]}]}},"_links":{"self":[{"href":"https:\/\/ampasantramon.cat\/index.php\/wp-json\/wp\/v2\/pages\/43","targetHints":{"allow":["GET"]}}],"collection":[{"href":"https:\/\/ampasantramon.cat\/index.php\/wp-json\/wp\/v2\/pages"}],"about":[{"href":"https:\/\/ampasantramon.cat\/index.php\/wp-json\/wp\/v2\/types\/page"}],"author":[{"embeddable":true,"href":"https:\/\/ampasantramon.cat\/index.php\/wp-json\/wp\/v2\/users\/2"}],"replies":[{"embeddable":true,"href":"https:\/\/ampasantramon.cat\/index.php\/wp-json\/wp\/v2\/comments?post=43"}],"version-history":[{"count":5,"href":"https:\/\/ampasantramon.cat\/index.php\/wp-json\/wp\/v2\/pages\/43\/revisions"}],"predecessor-version":[{"id":94,"href":"https:\/\/ampasantramon.cat\/index.php\/wp-json\/wp\/v2\/pages\/43\/revisions\/94"}],"wp:attachment":[{"href":"https:\/\/ampasantramon.cat\/index.php\/wp-json\/wp\/v2\/media?parent=43"}],"curies":[{"name":"wp","href":"https:\/\/api.w.org\/{rel}","templated":true}]}}